{"id":2,"date":"2019-08-21T09:11:50","date_gmt":"2019-08-21T09:11:50","guid":{"rendered":"http:\/\/www.lillyscake.ch\/?page_id=2"},"modified":"2019-09-16T08:35:33","modified_gmt":"2019-09-16T08:35:33","slug":"welcome","status":"publish","type":"page","link":"https:\/\/www.lillyscake.ch\/","title":{"rendered":"Home"},"content":{"rendered":"<p>Lilly&#8217;s Cake begr\u00fcsst Sie herzlich auf unserer neuen Webseite.<\/p>\n<p>Hier finden Sie einen \u00dcberblick \u00fcber unsere Torten- und Cupcakes Kreationen. Sie k\u00f6nnen uns Ihre W\u00fcnsche \u00fcber das Kontaktformular mitteilen, sodass wir gemeinsam Ihre pers\u00f6nliche Wunschtorte zusammenstellen k\u00f6nnen (<a href=\"http:\/\/www.lillyscake.ch\/index.php\/kontakt\/\">Kontaktformular<\/a>).<\/p>\n<p>So k\u00f6nnen wir unser Angebot perfekt auf Ihren Wunsch und besonderen Moment anpassen.<\/p>\n","protected":false},"excerpt":{"rendered":"<p>Lilly&#8217;s Cake begr\u00fcsst Sie herzlich auf unserer neuen Webseite. Hier finden Sie einen \u00dcberblick \u00fcber unsere Torten- und Cupcakes Kreationen. Sie k\u00f6nnen uns Ihre W\u00fcnsche \u00fcber das Kontaktformular mitteilen, sodass wir gemeinsam Ihre pers\u00f6nliche Wunschtorte zusammenstellen k\u00f6nnen (Kontaktformular). So k\u00f6nnen wir unser Angebot perfekt auf Ihren Wunsch und besonderen Moment anpassen.<\/p>\n","protected":false},"author":1,"featured_media":0,"parent":0,"menu_order":0,"comment_status":"closed","ping_status":"closed","template":"","meta":{"footnotes":""},"class_list":["post-2","page","type-page","status-publish","hentry"],"yoast_head":"<!-- This site is optimized with the Yoast SEO plugin v27.4 - https:\/\/yoast.com\/product\/yoast-seo-wordpress\/ -->\n<title>Home - Lilly\u2019s Cake<\/title>\n<meta name=\"robots\" content=\"index, follow, max-snippet:-1, max-image-preview:large, max-video-preview:-1\" \/>\n<link rel=\"canonical\" href=\"https:\/\/www.lillyscake.ch\/\" \/>\n<meta property=\"og:locale\" content=\"de_DE\" \/>\n<meta property=\"og:type\" content=\"article\" \/>\n<meta property=\"og:title\" content=\"Home - Lilly\u2019s Cake\" \/>\n<meta property=\"og:description\" content=\"Lilly&#8217;s Cake begr\u00fcsst Sie herzlich auf unserer neuen Webseite. Hier finden Sie einen \u00dcberblick \u00fcber unsere Torten- und Cupcakes Kreationen. Sie k\u00f6nnen uns Ihre W\u00fcnsche \u00fcber das Kontaktformular mitteilen, sodass wir gemeinsam Ihre pers\u00f6nliche Wunschtorte zusammenstellen k\u00f6nnen (Kontaktformular). So k\u00f6nnen wir unser Angebot perfekt auf Ihren Wunsch und besonderen Moment anpassen.\" \/>\n<meta property=\"og:url\" content=\"https:\/\/www.lillyscake.ch\/\" \/>\n<meta property=\"og:site_name\" content=\"Lilly\u2019s Cake\" \/>\n<meta property=\"article:publisher\" content=\"https:\/\/www.facebook.com\/lillyscakedesign\/?filter=2\" \/>\n<meta property=\"article:modified_time\" content=\"2019-09-16T08:35:33+00:00\" \/>\n<meta name=\"twitter:card\" content=\"summary_large_image\" \/>\n<script type=\"application\/ld+json\" class=\"yoast-schema-graph\">{\"@context\":\"https:\\\/\\\/schema.org\",\"@graph\":[{\"@type\":\"WebPage\",\"@id\":\"https:\\\/\\\/www.lillyscake.ch\\\/\",\"url\":\"https:\\\/\\\/www.lillyscake.ch\\\/\",\"name\":\"Home - Lilly\u2019s Cake\",\"isPartOf\":{\"@id\":\"https:\\\/\\\/www.lillyscake.ch\\\/#website\"},\"datePublished\":\"2019-08-21T09:11:50+00:00\",\"dateModified\":\"2019-09-16T08:35:33+00:00\",\"breadcrumb\":{\"@id\":\"https:\\\/\\\/www.lillyscake.ch\\\/#breadcrumb\"},\"inLanguage\":\"de\",\"potentialAction\":[{\"@type\":\"ReadAction\",\"target\":[\"https:\\\/\\\/www.lillyscake.ch\\\/\"]}]},{\"@type\":\"BreadcrumbList\",\"@id\":\"https:\\\/\\\/www.lillyscake.ch\\\/#breadcrumb\",\"itemListElement\":[{\"@type\":\"ListItem\",\"position\":1,\"name\":\"Home\",\"item\":\"https:\\\/\\\/www.lillyscake.ch\\\/\"},{\"@type\":\"ListItem\",\"position\":2,\"name\":\"Home\"}]},{\"@type\":\"WebSite\",\"@id\":\"https:\\\/\\\/www.lillyscake.ch\\\/#website\",\"url\":\"https:\\\/\\\/www.lillyscake.ch\\\/\",\"name\":\"Lilly\u2019s Cake\",\"description\":\"Herzlich Willkommen\",\"publisher\":{\"@id\":\"https:\\\/\\\/www.lillyscake.ch\\\/#organization\"},\"potentialAction\":[{\"@type\":\"SearchAction\",\"target\":{\"@type\":\"EntryPoint\",\"urlTemplate\":\"https:\\\/\\\/www.lillyscake.ch\\\/?s={search_term_string}\"},\"query-input\":{\"@type\":\"PropertyValueSpecification\",\"valueRequired\":true,\"valueName\":\"search_term_string\"}}],\"inLanguage\":\"de\"},{\"@type\":\"Organization\",\"@id\":\"https:\\\/\\\/www.lillyscake.ch\\\/#organization\",\"name\":\"Lilly's Cake\",\"url\":\"https:\\\/\\\/www.lillyscake.ch\\\/\",\"logo\":{\"@type\":\"ImageObject\",\"inLanguage\":\"de\",\"@id\":\"https:\\\/\\\/www.lillyscake.ch\\\/#\\\/schema\\\/logo\\\/image\\\/\",\"url\":\"\",\"contentUrl\":\"\",\"caption\":\"Lilly's Cake\"},\"image\":{\"@id\":\"https:\\\/\\\/www.lillyscake.ch\\\/#\\\/schema\\\/logo\\\/image\\\/\"},\"sameAs\":[\"https:\\\/\\\/www.facebook.com\\\/lillyscakedesign\\\/?filter=2\",\"https:\\\/\\\/www.instagram.com\\\/p\\\/Bg_Sjn8BzPx\\\/\"]}]}<\/script>\n<!-- \/ Yoast SEO plugin. -->","yoast_head_json":{"title":"Home - Lilly\u2019s Cake","robots":{"index":"index","follow":"follow","max-snippet":"max-snippet:-1","max-image-preview":"max-image-preview:large","max-video-preview":"max-video-preview:-1"},"canonical":"https:\/\/www.lillyscake.ch\/","og_locale":"de_DE","og_type":"article","og_title":"Home - Lilly\u2019s Cake","og_description":"Lilly&#8217;s Cake begr\u00fcsst Sie herzlich auf unserer neuen Webseite. Hier finden Sie einen \u00dcberblick \u00fcber unsere Torten- und Cupcakes Kreationen. Sie k\u00f6nnen uns Ihre W\u00fcnsche \u00fcber das Kontaktformular mitteilen, sodass wir gemeinsam Ihre pers\u00f6nliche Wunschtorte zusammenstellen k\u00f6nnen (Kontaktformular). So k\u00f6nnen wir unser Angebot perfekt auf Ihren Wunsch und besonderen Moment anpassen.","og_url":"https:\/\/www.lillyscake.ch\/","og_site_name":"Lilly\u2019s Cake","article_publisher":"https:\/\/www.facebook.com\/lillyscakedesign\/?filter=2","article_modified_time":"2019-09-16T08:35:33+00:00","twitter_card":"summary_large_image","schema":{"@context":"https:\/\/schema.org","@graph":[{"@type":"WebPage","@id":"https:\/\/www.lillyscake.ch\/","url":"https:\/\/www.lillyscake.ch\/","name":"Home - Lilly\u2019s Cake","isPartOf":{"@id":"https:\/\/www.lillyscake.ch\/#website"},"datePublished":"2019-08-21T09:11:50+00:00","dateModified":"2019-09-16T08:35:33+00:00","breadcrumb":{"@id":"https:\/\/www.lillyscake.ch\/#breadcrumb"},"inLanguage":"de","potentialAction":[{"@type":"ReadAction","target":["https:\/\/www.lillyscake.ch\/"]}]},{"@type":"BreadcrumbList","@id":"https:\/\/www.lillyscake.ch\/#breadcrumb","itemListElement":[{"@type":"ListItem","position":1,"name":"Home","item":"https:\/\/www.lillyscake.ch\/"},{"@type":"ListItem","position":2,"name":"Home"}]},{"@type":"WebSite","@id":"https:\/\/www.lillyscake.ch\/#website","url":"https:\/\/www.lillyscake.ch\/","name":"Lilly\u2019s Cake","description":"Herzlich Willkommen","publisher":{"@id":"https:\/\/www.lillyscake.ch\/#organization"},"potentialAction":[{"@type":"SearchAction","target":{"@type":"EntryPoint","urlTemplate":"https:\/\/www.lillyscake.ch\/?s={search_term_string}"},"query-input":{"@type":"PropertyValueSpecification","valueRequired":true,"valueName":"search_term_string"}}],"inLanguage":"de"},{"@type":"Organization","@id":"https:\/\/www.lillyscake.ch\/#organization","name":"Lilly's Cake","url":"https:\/\/www.lillyscake.ch\/","logo":{"@type":"ImageObject","inLanguage":"de","@id":"https:\/\/www.lillyscake.ch\/#\/schema\/logo\/image\/","url":"","contentUrl":"","caption":"Lilly's Cake"},"image":{"@id":"https:\/\/www.lillyscake.ch\/#\/schema\/logo\/image\/"},"sameAs":["https:\/\/www.facebook.com\/lillyscakedesign\/?filter=2","https:\/\/www.instagram.com\/p\/Bg_Sjn8BzPx\/"]}]}},"_links":{"self":[{"href":"https:\/\/www.lillyscake.ch\/index.php\/wp-json\/wp\/v2\/pages\/2","targetHints":{"allow":["GET"]}}],"collection":[{"href":"https:\/\/www.lillyscake.ch\/index.php\/wp-json\/wp\/v2\/pages"}],"about":[{"href":"https:\/\/www.lillyscake.ch\/index.php\/wp-json\/wp\/v2\/types\/page"}],"author":[{"embeddable":true,"href":"https:\/\/www.lillyscake.ch\/index.php\/wp-json\/wp\/v2\/users\/1"}],"replies":[{"embeddable":true,"href":"https:\/\/www.lillyscake.ch\/index.php\/wp-json\/wp\/v2\/comments?post=2"}],"version-history":[{"count":0,"href":"https:\/\/www.lillyscake.ch\/index.php\/wp-json\/wp\/v2\/pages\/2\/revisions"}],"wp:attachment":[{"href":"https:\/\/www.lillyscake.ch\/index.php\/wp-json\/wp\/v2\/media?parent=2"}],"curies":[{"name":"wp","href":"https:\/\/api.w.org\/{rel}","templated":true}]}}