{"id":1758,"date":"2019-08-29T17:04:12","date_gmt":"2019-08-29T17:04:12","guid":{"rendered":"http:\/\/www.lillyscake.ch\/?page_id=1758"},"modified":"2019-09-12T20:53:06","modified_gmt":"2019-09-12T20:53:06","slug":"faqs","status":"publish","type":"page","link":"https:\/\/www.lillyscake.ch\/index.php\/faqs\/","title":{"rendered":"FAQ&#8217;s"},"content":{"rendered":"<ol>\n<li><strong>Bestellung aufgeben?<\/strong><br \/>\nBestellungen mindestens 2 Wochen im Voraus mit ein Deposit von 50% der Totalkosten bezahlen.<br \/>\n** kurzfristige Auftr\u00e4ge sind akzeptabel, solange Sie die M\u00f6glichkeit dazu haben. Aufruf zu fragen, ob es m\u00f6glich ist **<\/li>\n<li><strong>Brauche ich einen Termin?<\/strong><br \/>\nJA, Termine sind notwendig, telefonisch oder\u00a0 Kontakt-Form ausf\u00fcllen und senden.<\/li>\n<li><strong>Kann ich die Bestellung abgeholt werden?<\/strong><br \/>\nJA, bei der Bestellung wird ein Abholungstermin vereinbart. Bitte beachten Sie, dass gem\u00e4ss OR 185 der Kunde f\u00fcr Nutzen und Gefahr ab dem Moment der Abholung haftet<\/li>\n<li><strong>K\u00f6nnen Sie die Bestellung liefern lassen?<\/strong><br \/>\nJA, wir liefern die Bestellung nur im Kanton Z\u00fcrich. Preiszuschlag f\u00fcr Lieferung je nach Lieferadresse nur Vorkasse m\u00f6glich.<\/li>\n<li><strong>Preise<\/strong><br \/>\nje nach Aufwand und Gr\u00f6sse.<\/li>\n<li><strong>Zahlungskonditionen 50% Deposit bei Bestellungsauftrag<\/strong> und der Rest bei Abholung mit EC\/VISA\/Master Card.<\/li>\n<li><strong>Bestellung stornieren, Was kostet das?<\/strong><br \/>\n&#8211; Stornierung bis eine Woche vor dem Termin wird 50% des Betrages f\u00e4llig.<br \/>\n&#8211; Stornierung bis 4 Tage vor dem Termin wird 75% des Betrages f\u00e4llig.<br \/>\n&#8211; Stornierung unter 4 Tage ist der gesamte Betrag f\u00e4llig.<\/li>\n<\/ol>\n<p>** F\u00fcr allf\u00e4llige Fragen bitte <a href=\"http:\/\/www.lillyscake.ch\/index.php\/kontakt\/\">kontaktieren<\/a> Sie uns **<\/p>\n<p>** Lesen Sie bitte die <a href=\"http:\/\/www.lillyscake.ch\/index.php\/agbs\/\">AGB&#8217;s<\/a> **<\/p>\n<p>&nbsp;<\/p>\n","protected":false},"excerpt":{"rendered":"<p>Bestellung aufgeben? Bestellungen mindestens 2 Wochen im Voraus mit ein Deposit von 50% der Totalkosten bezahlen. ** kurzfristige Auftr\u00e4ge sind akzeptabel, solange Sie die M\u00f6glichkeit dazu haben. Aufruf zu fragen, ob es m\u00f6glich ist ** Brauche ich einen Termin? JA, Termine sind notwendig, telefonisch oder\u00a0 Kontakt-Form ausf\u00fcllen und senden. Kann ich die Bestellung abgeholt werden? [&hellip;]<\/p>\n","protected":false},"author":1,"featured_media":0,"parent":0,"menu_order":0,"comment_status":"closed","ping_status":"closed","template":"","meta":{"footnotes":""},"class_list":["post-1758","page","type-page","status-publish","hentry"],"yoast_head":"<!-- This site is optimized with the Yoast SEO plugin v27.4 - https:\/\/yoast.com\/product\/yoast-seo-wordpress\/ -->\n<title>FAQ&#039;s - Lilly\u2019s Cake<\/title>\n<meta name=\"robots\" content=\"index, follow, max-snippet:-1, max-image-preview:large, max-video-preview:-1\" \/>\n<link rel=\"canonical\" href=\"https:\/\/www.lillyscake.ch\/index.php\/faqs\/\" \/>\n<meta property=\"og:locale\" content=\"de_DE\" \/>\n<meta property=\"og:type\" content=\"article\" \/>\n<meta property=\"og:title\" content=\"FAQ&#039;s - Lilly\u2019s Cake\" \/>\n<meta property=\"og:description\" content=\"Bestellung aufgeben? Bestellungen mindestens 2 Wochen im Voraus mit ein Deposit von 50% der Totalkosten bezahlen. ** kurzfristige Auftr\u00e4ge sind akzeptabel, solange Sie die M\u00f6glichkeit dazu haben. Aufruf zu fragen, ob es m\u00f6glich ist ** Brauche ich einen Termin? JA, Termine sind notwendig, telefonisch oder\u00a0 Kontakt-Form ausf\u00fcllen und senden. Kann ich die Bestellung abgeholt werden? [&hellip;]\" \/>\n<meta property=\"og:url\" content=\"https:\/\/www.lillyscake.ch\/index.php\/faqs\/\" \/>\n<meta property=\"og:site_name\" content=\"Lilly\u2019s Cake\" \/>\n<meta property=\"article:publisher\" content=\"https:\/\/www.facebook.com\/lillyscakedesign\/?filter=2\" \/>\n<meta property=\"article:modified_time\" content=\"2019-09-12T20:53:06+00:00\" \/>\n<meta name=\"twitter:card\" content=\"summary_large_image\" \/>\n<meta name=\"twitter:label1\" content=\"Gesch\u00e4tzte Lesezeit\" \/>\n\t<meta name=\"twitter:data1\" content=\"1\u00a0Minute\" \/>\n<script type=\"application\/ld+json\" class=\"yoast-schema-graph\">{\"@context\":\"https:\\\/\\\/schema.org\",\"@graph\":[{\"@type\":\"WebPage\",\"@id\":\"https:\\\/\\\/www.lillyscake.ch\\\/index.php\\\/faqs\\\/\",\"url\":\"https:\\\/\\\/www.lillyscake.ch\\\/index.php\\\/faqs\\\/\",\"name\":\"FAQ's - Lilly\u2019s Cake\",\"isPartOf\":{\"@id\":\"https:\\\/\\\/www.lillyscake.ch\\\/#website\"},\"datePublished\":\"2019-08-29T17:04:12+00:00\",\"dateModified\":\"2019-09-12T20:53:06+00:00\",\"breadcrumb\":{\"@id\":\"https:\\\/\\\/www.lillyscake.ch\\\/index.php\\\/faqs\\\/#breadcrumb\"},\"inLanguage\":\"de\",\"potentialAction\":[{\"@type\":\"ReadAction\",\"target\":[\"https:\\\/\\\/www.lillyscake.ch\\\/index.php\\\/faqs\\\/\"]}]},{\"@type\":\"BreadcrumbList\",\"@id\":\"https:\\\/\\\/www.lillyscake.ch\\\/index.php\\\/faqs\\\/#breadcrumb\",\"itemListElement\":[{\"@type\":\"ListItem\",\"position\":1,\"name\":\"Home\",\"item\":\"https:\\\/\\\/www.lillyscake.ch\\\/\"},{\"@type\":\"ListItem\",\"position\":2,\"name\":\"FAQ&#8217;s\"}]},{\"@type\":\"WebSite\",\"@id\":\"https:\\\/\\\/www.lillyscake.ch\\\/#website\",\"url\":\"https:\\\/\\\/www.lillyscake.ch\\\/\",\"name\":\"Lilly\u2019s Cake\",\"description\":\"Herzlich Willkommen\",\"publisher\":{\"@id\":\"https:\\\/\\\/www.lillyscake.ch\\\/#organization\"},\"potentialAction\":[{\"@type\":\"SearchAction\",\"target\":{\"@type\":\"EntryPoint\",\"urlTemplate\":\"https:\\\/\\\/www.lillyscake.ch\\\/?s={search_term_string}\"},\"query-input\":{\"@type\":\"PropertyValueSpecification\",\"valueRequired\":true,\"valueName\":\"search_term_string\"}}],\"inLanguage\":\"de\"},{\"@type\":\"Organization\",\"@id\":\"https:\\\/\\\/www.lillyscake.ch\\\/#organization\",\"name\":\"Lilly's Cake\",\"url\":\"https:\\\/\\\/www.lillyscake.ch\\\/\",\"logo\":{\"@type\":\"ImageObject\",\"inLanguage\":\"de\",\"@id\":\"https:\\\/\\\/www.lillyscake.ch\\\/#\\\/schema\\\/logo\\\/image\\\/\",\"url\":\"\",\"contentUrl\":\"\",\"caption\":\"Lilly's Cake\"},\"image\":{\"@id\":\"https:\\\/\\\/www.lillyscake.ch\\\/#\\\/schema\\\/logo\\\/image\\\/\"},\"sameAs\":[\"https:\\\/\\\/www.facebook.com\\\/lillyscakedesign\\\/?filter=2\",\"https:\\\/\\\/www.instagram.com\\\/p\\\/Bg_Sjn8BzPx\\\/\"]}]}<\/script>\n<!-- \/ Yoast SEO plugin. -->","yoast_head_json":{"title":"FAQ's - Lilly\u2019s Cake","robots":{"index":"index","follow":"follow","max-snippet":"max-snippet:-1","max-image-preview":"max-image-preview:large","max-video-preview":"max-video-preview:-1"},"canonical":"https:\/\/www.lillyscake.ch\/index.php\/faqs\/","og_locale":"de_DE","og_type":"article","og_title":"FAQ's - Lilly\u2019s Cake","og_description":"Bestellung aufgeben? Bestellungen mindestens 2 Wochen im Voraus mit ein Deposit von 50% der Totalkosten bezahlen. ** kurzfristige Auftr\u00e4ge sind akzeptabel, solange Sie die M\u00f6glichkeit dazu haben. Aufruf zu fragen, ob es m\u00f6glich ist ** Brauche ich einen Termin? JA, Termine sind notwendig, telefonisch oder\u00a0 Kontakt-Form ausf\u00fcllen und senden. Kann ich die Bestellung abgeholt werden? [&hellip;]","og_url":"https:\/\/www.lillyscake.ch\/index.php\/faqs\/","og_site_name":"Lilly\u2019s Cake","article_publisher":"https:\/\/www.facebook.com\/lillyscakedesign\/?filter=2","article_modified_time":"2019-09-12T20:53:06+00:00","twitter_card":"summary_large_image","twitter_misc":{"Gesch\u00e4tzte Lesezeit":"1\u00a0Minute"},"schema":{"@context":"https:\/\/schema.org","@graph":[{"@type":"WebPage","@id":"https:\/\/www.lillyscake.ch\/index.php\/faqs\/","url":"https:\/\/www.lillyscake.ch\/index.php\/faqs\/","name":"FAQ's - Lilly\u2019s Cake","isPartOf":{"@id":"https:\/\/www.lillyscake.ch\/#website"},"datePublished":"2019-08-29T17:04:12+00:00","dateModified":"2019-09-12T20:53:06+00:00","breadcrumb":{"@id":"https:\/\/www.lillyscake.ch\/index.php\/faqs\/#breadcrumb"},"inLanguage":"de","potentialAction":[{"@type":"ReadAction","target":["https:\/\/www.lillyscake.ch\/index.php\/faqs\/"]}]},{"@type":"BreadcrumbList","@id":"https:\/\/www.lillyscake.ch\/index.php\/faqs\/#breadcrumb","itemListElement":[{"@type":"ListItem","position":1,"name":"Home","item":"https:\/\/www.lillyscake.ch\/"},{"@type":"ListItem","position":2,"name":"FAQ&#8217;s"}]},{"@type":"WebSite","@id":"https:\/\/www.lillyscake.ch\/#website","url":"https:\/\/www.lillyscake.ch\/","name":"Lilly\u2019s Cake","description":"Herzlich Willkommen","publisher":{"@id":"https:\/\/www.lillyscake.ch\/#organization"},"potentialAction":[{"@type":"SearchAction","target":{"@type":"EntryPoint","urlTemplate":"https:\/\/www.lillyscake.ch\/?s={search_term_string}"},"query-input":{"@type":"PropertyValueSpecification","valueRequired":true,"valueName":"search_term_string"}}],"inLanguage":"de"},{"@type":"Organization","@id":"https:\/\/www.lillyscake.ch\/#organization","name":"Lilly's Cake","url":"https:\/\/www.lillyscake.ch\/","logo":{"@type":"ImageObject","inLanguage":"de","@id":"https:\/\/www.lillyscake.ch\/#\/schema\/logo\/image\/","url":"","contentUrl":"","caption":"Lilly's Cake"},"image":{"@id":"https:\/\/www.lillyscake.ch\/#\/schema\/logo\/image\/"},"sameAs":["https:\/\/www.facebook.com\/lillyscakedesign\/?filter=2","https:\/\/www.instagram.com\/p\/Bg_Sjn8BzPx\/"]}]}},"_links":{"self":[{"href":"https:\/\/www.lillyscake.ch\/index.php\/wp-json\/wp\/v2\/pages\/1758","targetHints":{"allow":["GET"]}}],"collection":[{"href":"https:\/\/www.lillyscake.ch\/index.php\/wp-json\/wp\/v2\/pages"}],"about":[{"href":"https:\/\/www.lillyscake.ch\/index.php\/wp-json\/wp\/v2\/types\/page"}],"author":[{"embeddable":true,"href":"https:\/\/www.lillyscake.ch\/index.php\/wp-json\/wp\/v2\/users\/1"}],"replies":[{"embeddable":true,"href":"https:\/\/www.lillyscake.ch\/index.php\/wp-json\/wp\/v2\/comments?post=1758"}],"version-history":[{"count":0,"href":"https:\/\/www.lillyscake.ch\/index.php\/wp-json\/wp\/v2\/pages\/1758\/revisions"}],"wp:attachment":[{"href":"https:\/\/www.lillyscake.ch\/index.php\/wp-json\/wp\/v2\/media?parent=1758"}],"curies":[{"name":"wp","href":"https:\/\/api.w.org\/{rel}","templated":true}]}}